hundreds digit of 611?
6
What is the tens digit of 1350?
5
What is the tens digit of 13996?
9
What is the hundreds digit of 529?
5
What is the thousands digit of 5055?
5
What is the tens digit of 1226?
2
What is the tens digit of 6101?
0
What is the hundreds digit of 6114?
1
What is the tens digit of 673?
7
What is the ten thousands digit of 51247?
5
What is the tens digit of 44?
4
What is the hundreds digit of 1632?
6
What is the units digit of 650?
0
What is the tens digit of 204?
0
What is the hundreds digit of 501?
5
What is the tens digit of 46583?
8
What is the thousands digit of 5608?
5
What is the hundreds digit of 215?
2
What is the ten thousands digit of 23569?
2
What is the thousands digit of 13149?
3
What is the units digit of 5105?
5
What is the tens digit of 15139?
3
What is the thousands digit of 9212?
9
What is the tens digit of 379?
7
What is the thousands digit of 62938?
2
What is the units digit of 492?
2
What is the ten thousands digit of 17121?
1
What is the tens digit of 33793?
9
What is the tens digit of 120?
2
What is the thousands digit of 3954?
3
What is the hundreds digit of 506?
5
What is the hundreds digit of 4932?
9
What is the thousands digit of 2329?
2
What is the hundreds digit of 16402?
4
What is the thousands digit of 13731?
3
What is the thousands digit of 6748?
6
What is the tens digit of 977?
7
What is the units digit of 2062?
2
What is the thousands digit of 8979?
8
What is the tens digit of 3902?
0
What is the tens digit of 187?
8
What is the hundreds digit of 37083?
0
What is the hundreds digit of 8144?
1
What is the hundreds digit of 516?
5
What is the hundreds digit of 3291?
2
What is the hundreds digit of 60869?
8
What is the thousands digit of 10183?
0
What is the hundreds digit of 8720?
7
What is the hundreds digit of 910?
9
What is the units digit of 502?
2
What is the tens digit of 417?
1
What is the tens digit of 27206?
0
What is the hundreds digit of 2183?
1
What is the hundreds digit of 8125?
1
What is the tens digit of 41405?
0
What is the units digit of 14620?
0
What is the hundreds digit of 15125?
1
What is the thousands digit of 54208?
4
What is the thousands digit of 99926?
9
What is the tens digit of 140082?
8
What is the tens digit of 2051?
5
What is the units digit of 9897?
7
What is the thousands digit of 1572?
1
What is the thousands digit of 3493?
3
What is the tens digit of 2760?
6
What is the units digit of 53173?
3
What is the units digit of 3140?
0
What is the tens digit of 143?
4
What is the thousands digit of 16303?
6
What is the units digit of 4674?
4
What is the thousands digit of 3505?
3
What is the thousands digit of 2622?
2
What is the ten thousands digit of 109536?
0
What is the hundred thousands digit of 158347?
1
What is the thousands digit of 1016?
1
What is the thousands digit of 2552?
2
What is the units digit of 43030?
0
What is the units digit of 51275?
5
What is the hundreds digit of 1829?
8
What is the hundreds digit of 1038?
0
What is the units digit of 1934?
4
What is the hundreds digit of 11280?
2
What is the units digit of 54080?
0
What is the hundreds digit of 344?
3
What is the units digit of 11069?
9
What is the units digit of 31428?
8
What is the thousands digit of 1336?
1
What is the units digit of 25932?
2
What is the ten thousands digit of 29298?
2
What is the units digit of 3449?
9
What is the tens digit of 3194?
9
What is the hundreds digit of 37842?
8
What is the units digit of 84701?
1
What is the hundreds digit of 1755?
7
What is the tens digit of 24800?
0
What is the hundreds digit of 8495?
4
What is the ten thousands digit of 15116?
1
What is the hundreds digit of 5226?
2
What is the thousands digit of 2726?
2
What is the units digit of 45338?
8
What is the tens digit of 6470?
7
What is the tens digit of 33170?
7
What is the hundreds digit of 221?
2
What is the hundred thousands digit of 106824?
1
What is the units digit of 142161?
1
What is the tens digit of 321?
2
What is the units digit of 448?
8
What is the thousands digit of 9745?
9
What is the ten thousands digit of 76127?
7
What is the units digit of 59272?
2
What is the thousands digit of 5018?
5
What is the hundreds digit of 59641?
6
What is the tens digit of 55376?
7
What is the hundreds digit of 131099?
0
What is the tens digit of 1969?
6
What is the units digit of 4856?
6
What is the hundreds digit of 5335?
3
What is the hundreds digit of 2303?
3
What is the hundreds digit of 6995?
9
What is the units digit of 834?
4
What is the units digit of 600?
0
What is the hundreds digit of 30721?
7
What is the hundreds digit of 13409?
4
What is the units digit of 1566?
6
What is the units digit of 435?
5
What is the units digit of 339?
9
What is the units digit of 272?
2
What is the ten thousands digit of 14375?
1
What is the hundreds digit of 11273?
2
What is the units digit of 17596?
6
What is the units digit of 126352?
2
What is the tens digit of 5715?
1
What is the thousands digit of 2418?
2
What is the ten thousands digit of 158724?
5
What is the hundreds digit of 3211?
2
What is the tens digit of 11330?
3
What is the units digit of 912?
2
What is the ten thousands digit of 51240?
5
What is the units digit of 873?
3
What is the tens digit of 283?
8
What is the units digit of 692?
2
What is the hundreds digit of 2569?
5
What is the hundreds digit of 3933?
9
What is the hundreds digit of 6714?
7
What is the thousands digit of 4140?
4
What is the tens digit of 2870?
7
What is the hundreds digit of 234?
2
What is the units digit of 38879?
9
What is the thousands digit of 2538?
2
What is the tens digit of 1509?
0
What is the units digit of 1861?
1
What is the thousands digit of 9948?
9
What is the units digit of 3597?
7
What is the tens digit of 1132?
3
What is the hundreds digit of 12581?
5
What is the tens digit of 757?
5
What is the units digit of 1260?
0
What is the tens digit of 71982?
8
What is the units digit of 829?
9
What is the units digit of 3082?
2
What is the thousands digit of 1619?
1
What is the ten thousands digit of 10760?
1
What is the tens digit of 632?
3
What is the units digit of 84?
4
What is the hundreds digit of 1767?
7
What is the units digit of 14550?
0
What is the hundred thousands digit of 117423?
1
What is the thousands digit of 1200?
1
What is the hundreds digit of 907?
9
What is the tens digit of 20148?
4
What is the units digit of 2471?
1
What is the hundreds digit of 6590?
5
What is the hundreds digit of 27378?
3
What is the thousands digit of 33080?
3
What is the tens digit of 15411?
1
What is the units digit of 3260?
0
What is the units digit of 319?
9
What is the tens digit of 63460?
6
What is the units digit of 2320?
0
What is the hundreds digit of 22880?
8
What is the tens digit of 798?
9
What is the hundreds digit of 11938?
9
What is the hundreds digit of 42814?
8
What is the tens digit of 50065?
6
What is the tens digit of 3309?
0
What is the hundreds digit of 38080?
0
What is the units digit of 738?
8
What is the thousands digit of 3346?
3
What is the tens digit of 334?
3
What is the hundreds digit of 5539?
5
What is the tens digit of 14452?
5
What is the ten thousands digit of 49360?
4
What is the units digit of 1738?
8
What is the hundreds digit of 15802?
8
What is the thousands digit of 27424?
7
What is the ten thousands digit of 16601?
1
What is the hundreds digit of 90251?
2
What is the tens digit of 441?
4
What is the hundreds digit of 26914?
9
What is the tens digit of 16250?
5
What is the tens digit of 1230?
3
What is the tens digit of 109109?
0
What is the thousands digit of 38383?
8
What is the thousands digit of 13104?
3
What is the tens digit of 57091?
9
What is the units digit of 448?
8
What is the hundreds digit of 489?
4
What is the units digit of 663?
3
What is the hundred thousands digit of 127253?
1
What is the hundreds digit of 238?
2
What is the tens digit of 3599?
9
What is the units digit of 633?
3
What is the tens digit of 5982?
8
What is the units digit of 353?
3
What is the hundred thousands digit of 131739?
1
What is the tens digit of 61873?
7
What is the tens digit of 541?
4
What is the hundreds digit of 87624?
6
What is the thousands digit of 1764?
1
What is the thousands digit of 14271?
4
What is the units digit of 520